 112.
7
Calculate the greatest common divisor of 1539 and 162.
81
What is the highest common divisor of 104 and 15730?
26
What is the highest common divisor of 7 and 9380?
7
What is the greatest common divisor of 893 and 171?
19
Calculate the highest common factor of 24 and 424.
8
Calculate the highest common divisor of 1348 and 4381.
337
Calculate the highest common divisor of 27 and 279.
9
Calculate the highest common factor of 1769 and 122.
61
Calculate the greatest common factor of 1146 and 54.
6
Calculate the highest common factor of 2650 and 100.
50
What is the highest common factor of 19 and 4769?
19
Calculate the highest common divisor of 632 and 136.
8
Calculate the highest common divisor of 660 and 1188.
132
Calculate the greatest common factor of 3864 and 378.
42
What is the highest common factor of 37723 and 119?
119
Calculate the greatest common divisor of 2052 and 378.
54
Calculate the highest common factor of 231 and 1232.
77
Calculate the greatest common divisor of 1608 and 2211.
201
What is the greatest common divisor of 238 and 322?
14
What is the greatest common factor of 30 and 130?
10
What is the greatest common factor of 656 and 16?
16
Calculate the greatest common factor of 6171 and 68.
17
What is the highest common factor of 55 and 165?
55
What is the highest common divisor of 11623 and 413?
59
What is the greatest common factor of 1 and 359?
1
What is the highest common divisor of 14 and 3934?
14
Calculate the greatest common factor of 231 and 132.
33
Calculate the greatest common factor of 52 and 884.
52
What is the highest common factor of 11022 and 167?
167
Calculate the greatest common divisor of 262 and 14279.
131
What is the greatest common divisor of 18 and 261?
9
Calculate the highest common divisor of 533 and 451.
41
What is the greatest common factor of 6 and 51?
3
Calculate the highest common factor of 2270 and 18.
2
Calculate the greatest common divisor of 12237 and 3.
3
What is the greatest common divisor of 13 and 1417?
13
What is the greatest common divisor of 2475 and 600?
75
Calculate the greatest common factor of 378 and 84.
42
What is the highest common divisor of 120 and 216?
24
Calculate the greatest common factor of 42 and 105.
21
Calculate the greatest common factor of 638 and 682.
22
What is the highest common factor of 114 and 14782?
38
What is the greatest common factor of 1578 and 66?
6
Calculate the greatest common divisor of 1850 and 225.
25
Calculate the highest common factor of 4154 and 2010.
134
What is the greatest common divisor of 5 and 11?
1
What is the greatest common factor of 252 and 18732?
84
Calculate the highest common divisor of 140 and 175.
35
What is the highest common divisor of 636 and 2968?
212
What is the highest common divisor of 180 and 60?
60
Calculate the greatest common divisor of 1767 and 228.
57
What is the greatest common divisor of 7 and 63?
7
What is the greatest common factor of 50 and 50?
50
Calculate the highest common divisor of 6 and 3279.
3
What is the greatest common factor of 6617 and 13?
13
Calculate the greatest common factor of 57 and 8493.
57
What is the greatest common factor of 918 and 323?
17
Calculate the greatest common divisor of 400 and 480.
80
Calculate the highest common divisor of 2508 and 528.
132
What is the greatest common divisor of 750 and 420?
30
Calculate the greatest common factor of 5883 and 333.
111
Calculate the highest common factor of 24 and 174504.
24
What is the greatest common divisor of 15 and 3765?
15
Calculate the greatest common divisor of 736 and 2024.
184
What is the greatest common factor of 4 and 572?
4
What is the greatest common divisor of 325 and 2275?
325
Calculate the highest common factor of 81 and 27.
27
What is the greatest common divisor of 2170 and 5?
5
Calculate the greatest common factor of 34 and 27217.
17
What is the greatest common factor of 88 and 2684?
44
What is the highest common divisor of 11555 and 5?
5
Calculate the highest common factor of 16 and 328.
8
What is the greatest common factor of 1562 and 550?
22
What is the greatest common factor of 26 and 351?
13
Calculate the highest common divisor of 18 and 750.
6
What is the highest common factor of 80 and 3760?
80
What is the highest common divisor of 2864 and 16?
16
Calculate the greatest common factor of 2499 and 153.
51
Calculate the greatest common factor of 3 and 375.
3
Calculate the greatest common factor of 108 and 21.
3
What is the highest common factor of 810 and 54?
54
What is the highest common factor of 972 and 252?
36
What is the greatest common divisor of 1419 and 297?
33
What is the greatest common divisor of 2861 and 1?
1
What is the greatest common divisor of 4670 and 50?
10
What is the greatest common factor of 4128 and 96?
96
Calculate the greatest common factor of 20 and 15.
5
Calculate the greatest common divisor of 14888 and 8.
8
What is the greatest common factor of 69 and 4163?
23
Calculate the greatest common divisor of 476 and 1088.
68
Calculate the greatest common factor of 2222 and 303.
101
What is the highest common factor of 350 and 3710?
70
Calculate the greatest common divisor of 9 and 21.
3
Calculate the greatest common factor of 75 and 6250.
25
Calculate the highest common divisor of 57 and 494.
19
What is the highest common factor of 24 and 1272?
24
Calculate the highest common factor of 1 and 356.
1
What is the highest common divisor of 36 and 126?
18
What is the highest common factor of 140 and 60?
20
What is the highest common factor of 86 and 559?
43
Calculate the greatest common factor of 1337 and 35.
7
Calculate the highest common factor of 18 and 63.
9
What is the greatest common factor of 6000 and 240?
240
Calculate the highest common factor of 7 and 49.
7
Calculate the highest common factor of 4 and 20.
4
What is the highest common divisor of 308 and 88?
44
Calculate the highest common factor of 52 and 286.
26
Calculate the highest common factor of 799 and 34.
17
Calculate the greatest common divisor of 6955 and 260.
65
Calculate the greatest common factor of 6048 and 112.
112
What is the greatest common factor of 1308 and 144?
12
Calculate the highest common factor of 215 and 516.
43
Calculate the greatest common factor of 2921 and 138.
23
Calculate the greatest common divisor of 1969 and 33.
11
Calculate the greatest common divisor of 32 and 24.
8
What is the highest common divisor of 84 and 112?
28
Calculate the greatest common factor of 87 and 29174.
29
Calculate the greatest common factor of 26 and 8086.
26
What is the greatest common divisor of 4380 and 240?
60
What is the highest common factor of 377 and 91?
13
Calculate the greatest common factor of 200 and 8.
8
Calculate the greatest common factor of 4 and 136.
4
What is the greatest common divisor of 21286 and 58?
58
Calculate the greatest common factor of 9424 and 19.
19
What is the highest common divisor of 2074 and 34?
34
Calculate the highest common factor of 128 and 24.
8
Calculate the highest common divisor of 495 and 275.
55
What is the highest common divisor of 42 and 987?
21
What is the highest common divisor of 101 and 132007?
101
Calculate the greatest common divisor of 33 and 22.
11
What is the greatest common factor of 31 and 279?
31
What is the highest common factor of 256 and 320?
64
What is the greatest common divisor of 670 and 190?
10
Calculate the highest common factor of 26 and 16.
2
Calculate the highest common divisor of 818 and 4.
2
What is the greatest common divisor of 90 and 54?
18
Calculate the greatest common divisor of 287 and 328.
41
What is the greatest common divisor of 12 and 444?
12
Calculate the greatest common factor of 78 and 1274.
26
What is the greatest common factor of 9 and 21?
3
Calculate the greatest common factor of 84 and 1302.
42
What is the greatest common factor of 559 and 702?
13
Calculate the greatest common divisor of 1377 and 2244.
51
What is the highest common divisor of 228 and 1482?
114
What is the greatest common divisor of 16 and 80?
16
What is the greatest common divisor of 1072 and 67?
67
What is the highest common factor of 65 and 845?
65
What is the highest common divisor of 20 and 100?
20
Calculate the highest common divisor of 295 and 944.
59
What is the greatest common div